 -c1?
14
In base 11, what is -1 + a6a36?
a6a35
In base 9, what is -16743 + 2?
-16741
In base 3, what is 2 + -1201002020?
-1201002011
In base 12, what is -462 - 2?
-464
In base 3, what is 22 - -12212212?
12220011
In base 6, what is -40440 + 14?
-40422
In base 7, what is 4156223 + 2?
4156225
In base 12, what is 4890 + 3?
4893
In base 10, what is -1 - 7220?
-7221
In base 9, what is -4 + 16234?
16230
In base 2, what is 11111111011111110 - 0?
11111111011111110
In base 5, what is -201300 - -4?
-201241
In base 4, what is 22 - 121112123?
-121112101
In base 11, what is 174 - 183?
-a
In base 3, what is -11222121 + 102?
-11222012
In base 5, what is 1443311 + -3?
1443303
In base 8, what is -6105 - -401?
-5504
In base 4, what is -1010111 - 11?
-1010122
In base 10, what is 1067476 - 0?
1067476
In base 2, what is -11 + 1011000101101100010?
1011000101101011111
In base 6, what is 1 + 212205?
212210
In base 2, what is -111001111010101 + 11?
-111001111010010
In base 11, what is -33252 - 7?
-33259
In base 13, what is -5c5 - 3?
-5c8
In base 7, what is 5 + 6520?
6525
In base 3, what is -2021202201 - -11?
-2021202120
In base 6, what is 10000 + -202?
5354
In base 15, what is 319a - c?
318d
In base 5, what is 1301 - 30040?
-23234
In base 7, what is -1 + 64321?
64320
In base 7, what is -126063 + -21?
-126114
In base 5, what is -332324 - -110?
-332214
In base 7, what is -6323 - -2540?
-3453
In base 13, what is 2 + ab49?
ab4b
In base 9, what is 37 - -442?
480
In base 5, what is 4433 - -1122?
11110
In base 6, what is 5 - 140133?
-140124
In base 8, what is -4 - -327307?
327303
In base 3, what is 12022211 + -101?
12022110
In base 5, what is 33 - -404224?
404312
In base 4, what is -1 + 1031131033?
1031131032
In base 8, what is -21 + -136413?
-136434
In base 16, what is 113f - 15?
112a
In base 9, what is 463 + 34?
507
In base 6, what is -14 + 1214242?
1214224
In base 15, what is 8d04 + -1?
8d03
In base 16, what is 0 - -8daf?
8daf
In base 2, what is 11110 + -111100011?
-111000101
In base 9, what is -12068 + 5?
-12063
In base 5, what is 1 + 243430?
243431
In base 9, what is -166 - -54?
-112
In base 10, what is 4 + 24037?
24041
In base 6, what is 5 - -442134?
442143
In base 3, what is -21220020 + 0?
-21220020
In base 8, what is 657 + -222?
435
In base 4, what is -11 - -102312?
102301
In base 16, what is 1dd75 - 1?
1dd74
In base 4, what is 0 - -1011333120?
1011333120
In base 7, what is -2 + -20461?
-20463
In base 5, what is 133042 - -133?
133230
In base 15, what is -7e0 + cc?
-713
In base 11, what is 4 + 4225a?
42263
In base 8, what is -1 - 25266?
-25267
In base 12, what is -4 - 26849?
-26851
In base 16, what is f - -6833?
6842
In base 7, what is -52262 - -156?
-52103
In base 15, what is 4 - 873?
-86e
In base 11, what is -6544a + -1?
-65450
In base 11, what is 3258 - 10?
3248
In base 4, what is 30212110320 - -11?
30212110331
In base 9, what is -531 - -268?
-252
In base 6, what is -210232 - -50?
-210142
In base 2, what is 101 + -111011000101001?
-111011000100100
In base 4, what is 130212122 + 1?
130212123
In base 4, what is 11 + -1232302130?
-1232302113
In base 15, what is 0 + -311d2?
-311d2
In base 16, what is 7348c + -4?
73488
In base 8, what is -3060 + 15?
-3043
In base 10, what is -2 - 204275?
-204277
In base 6, what is -1032400 - 24?
-1032424
In base 16, what is -1f74f1 + 0?
-1f74f1
In base 7, what is -1355400 + -1?
-1355401
In base 4, what is -2110223 + -213?
-2111102
In base 16, what is 16b - -179?
2e4
In base 15, what is 5d819 - 5?
5d814
In base 15, what is -788aa + 3?
-788a7
In base 2, what is 11101011 + -10?
11101001
In base 15, what is -2ee + 45?
-2a9
In base 14, what is -541 - 27?
-568
In base 2, what is 100 + -1010001101100111101?
-1010001101100111001
In base 9, what is -2 - 1502357?
-1502360
In base 7, what is -53411 + 5?
-53403
In base 3, what is 101 - -102212220001?
102212220102
In base 5, what is -13000 - 340?
-13340
In base 8, what is -1050 - -21?
-1027
In base 9, what is -13 - -61418?
61405
In base 12, what is 1 + -1392?
-1391
In base 4, what is 1102233213 - -10?
1102233223
In base 14, what is -167 - -247?
c0
In base 8, what is 606 - -1640?
2446
In base 3, what is 1001001110 + 120?
1001002000
In base 10, what is -110424 + 4?
-110420
In base 9, what is -2 - 350510?
-350512
In base 13, what is -4 - 5809?
-5810
In base 10, what is 1182 + 27?
1209
In base 2, what is -10000011111010 + -100000?
-10000100011010
In base 7, what is 3 + 34116?
34122
In base 16, what is 55004 - -2?
55006
In base 2, what is 100 - 101111111001111?
-101111111001011
In base 12, what is 71 + -1b98?
-1b27
In base 7, what is 5 - 30125?
-30120
In base 3, what is 102112 + 20121101?
21000220
In base 2, what is -1001101101001 + 11001011?
-1001010011110
In base 16, what is 64fc - 2?
64fa
In base 3, what is -20102 + -220020201?
-220111010
In base 12, what is 15 - -1020?
1035
In base 12, what is 1 - 3422?
-3421
In base 12, what is -404 - 155b?
-1963
In base 5, what is -23101 + -31?
-23132
In base 3, what is -22201212222 - 222?
-22201220221
In base 3, what is 12 - 102210011220?
-102210011201
In base 7, what is -1534 - -1024?
-510
In base 12, what is 2801b + -34?
27ba7
In base 14, what is -8ca968 - 4?
-8ca96c
In base 7, what is 5533065 + -4?
5533061
In base 16, what is -54b5 - 3?
-54b8
In base 14, what is 66 - -46?
ac
In base 11, what is -7716 + 23?
-76a3
In base 12, what is -3 + -548a6a?
-548a71
In base 4, what is 310212001 + 1?
310212002
In base 15, what is 5 - -2118?
211d
In base 11, what is 0 + 346202?
346202
In base 16, what is e6 - 12c?
-46
In base 8, what is -1 - -322602?
322601
In base 13, what is 3145 + -28?
311a
In base 5, what is -110 + 30420?
30310
In base 7, what is -14 + 4616?
4602
In base 12, what is 1310b - -28?
13137
In base 16, what is 33 - -1268?
129b
In base 14, what is -6420 - -2a?
-63d4
In base 4, what is 2020103 - 112?
2013331
In base 11, what is 6053 - 10a?
5a44
In base 12, what is b4566 + -1?
b4565
In base 6, what is -112 - 1101103?
-1101215
In base 4, what is 1 + 1003322101?
1003322102
In base 11, what is -104 + 4510?
4407
In base 5, what is 120 + 14110?
14230
In base 9, what is -154745 + 0?
-154745
In base 11, what is 2950 - 55?
28a6
In base 7, what is -20541 + -20?
-20561
In base 6, what is -4 + 32504245?
32504241
In base 3, what is 1021000210 - 21?
1021000112
In base 16, what is 7 - 19cda?
-19cd3
In base 15, what is 2 + 4b5b?
4b5d
In base 8, what is 22 - -21130?
21152
In base 4, what is 11012 - 23321?
-12303
In base 14, what is -ca - -23c?
152
In base 15, what is -196 - -eb?
-9a
In base 4, what is -2210223102 - -3?
-2210223033
In base 9, what is 5 - -148521?
148526
In base 15, what is 2 - 17412?
-17410
In base 15, what is 1 + -b0a?
-b09
In base 15, what is 17c511 - 3?
17c50d
In base 6, what is -11 - -10501121?
10501110
In base 15, what is -1a809 - 2?
-1a80b
In base 13, what is 2b + 304?
332
In base 8, what is 30 - -7324?
7354
In base 9, what is -3 + -2588125?
-2588128
In base 16, what is 0 + -2cbc6?
-2cbc6
In base 10, what is 6128 + -3?
6125
In base 8, what is -1034 - -657?
-155
In base 5, what is -1311111 - -14?
-1311042
In base 7, what is -1 + 3306?
3305
In base 5, what is -142320 - 104?
-142424
In base 12, what is -350485 - 5?
-35048a
In base 8, what is 511 - -2370?
3101
In base 10, what is -19597 + 10?
-19587
In base 8, what is -2142344 - 5?
-2142351
In base 7, what is 1 + 445231?
445232
In base 13, what is 21 - -4aa?
4cb
In base 12, what is -43 + -123a?
-1281
In base 11, what is -6aa2 + a?
-6a93
In base 10, what is -4 + -364052?
-364056
In base 9, what is 26638 + -6?
26632
In base 10, what is 14354 + 4?
14358
In base 9, what is 17 + 7538?
7556
In base 9, what is 20248 - 8?
20240
In base 15, what is -5 - 6953c?
-69542
In base 5, what is -1 + -11243143?
-11243144
In base 16, what is -621 - -5d2?
-4f
In base 6, what is 5242511 - -5?
5242520
In base 14, what is -2a21 + 5?
-2a1a
In base 10, what is 17269 - -16?
17285
In base 14, what is 243 + -1b5?
6c
In base 16, what is 3cd6 + -6?
3cd0
In base 2, what is 1001 + 1011110011100?
1011110100101
In base 12, what is 442b3 - -1?
442b4
In base 10, what is 58 - 38824?
-38766
In base 13, what is 6 - 87c66?
-87c60
In base 16, what is -7ea - -3b?
-7af
In base 12, what is 2 + -4691?
-468b
In base 9, what is -1614 - 445?
-2160
In base 